s digit of 2195382?
3
What is the tens digit of 673880?
8
What is the hundreds digit of 2515925?
9
What is the tens digit of 30613?
1
What is the units digit of 5062372?
2
What is the hundreds digit of 196148?
1
What is the units digit of 1315491?
1
What is the units digit of 12051962?
2
What is the tens digit of 5129203?
0
What is the hundreds digit of 499991?
9
What is the units digit of 9377?
7
What is the thousands digit of 3807023?
7
What is the hundred thousands digit of 110611?
1
What is the millions digit of 19317526?
9
What is the units digit of 31166424?
4
What is the millions digit of 3784634?
3
What is the thousands digit of 1247565?
7
What is the thousands digit of 2074165?
4
What is the units digit of 8275324?
4
What is the units digit of 7665682?
2
What is the ten thousands digit of 167969?
6
What is the ten thousands digit of 5536579?
3
What is the tens digit of 193781?
8
What is the hundreds digit of 5230131?
1
What is the millions digit of 5855317?
5
What is the hundred thousands digit of 27552553?
5
What is the ten thousands digit of 93209?
9
What is the hundreds digit of 57527?
5
What is the millions digit of 3247104?
3
What is the hundred thousands digit of 805508?
8
What is the tens digit of 1525054?
5
What is the hundred thousands digit of 11302117?
3
What is the thousands digit of 1282053?
2
What is the hundreds digit of 4703504?
5
What is the hundreds digit of 3324974?
9
What is the tens digit of 228466?
6
What is the hundred thousands digit of 4207432?
2
What is the hundred thousands digit of 3337306?
3
What is the ten thousands digit of 163899?
6
What is the ten thousands digit of 222021?
2
What is the thousands digit of 4331120?
1
What is the hundreds digit of 36054395?
3
What is the ten thousands digit of 688727?
8
What is the ten thousands digit of 25300791?
0
What is the hundreds digit of 8639520?
5
What is the hundreds digit of 14242064?
0
What is the units digit of 556533?
3
What is the ten thousands digit of 1454346?
5
What is the ten thousands digit of 9243829?
4
What is the tens digit of 5100?
0
What is the ten thousands digit of 807690?
0
What is the millions digit of 6593879?
6
What is the hundreds digit of 1194087?
0
What is the units digit of 941972?
2
What is the thousands digit of 77643?
7
What is the hundreds digit of 7828?
8
What is the hundreds digit of 58567?
5
What is the hundreds digit of 1473304?
3
What is the ten thousands digit of 2332101?
3
What is the units digit of 443061?
1
What is the units digit of 7457?
7
What is the thousands digit of 11803413?
3
What is the hundreds digit of 8936125?
1
What is the tens digit of 161730?
3
What is the hundreds digit of 139867?
8
What is the ten thousands digit of 344917?
4
What is the ten thousands digit of 144376?
4
What is the ten thousands digit of 14923618?
2
What is the units digit of 7834?
4
What is the ten thousands digit of 3514180?
1
What is the units digit of 1678376?
6
What is the hundreds digit of 17262?
2
What is the hundreds digit of 230345?
3
What is the thousands digit of 954556?
4
What is the hundreds digit of 933689?
6
What is the units digit of 19814206?
6
What is the ten thousands digit of 284660?
8
What is the millions digit of 4844200?
4
What is the tens digit of 517830?
3
What is the tens digit of 174783?
8
What is the thousands digit of 17487632?
7
What is the hundred thousands digit of 2885282?
8
What is the units digit of 312504?
4
What is the millions digit of 2505501?
2
What is the units digit of 553721?
1
What is the ten thousands digit of 741571?
4
What is the hundreds digit of 3232271?
2
What is the tens digit of 2809066?
6
What is the tens digit of 527904?
0
What is the units digit of 657493?
3
What is the hundred thousands digit of 377029?
3
What is the hundreds digit of 242433?
4
What is the ten thousands digit of 5527844?
2
What is the ten thousands digit of 3342970?
4
What is the hundreds digit of 964325?
3
What is the thousands digit of 35025?
5
What is the hundreds digit of 492394?
3
What is the units digit of 3061370?
0
What is the thousands digit of 30034788?
4
What is the hundreds digit of 1457684?
6
What is the ten thousands digit of 338888?
3
What is the ten thousands digit of 106009?
0
What is the ten thousands digit of 389814?
8
What is the units digit of 450055?
5
What is the units digit of 207574?
4
What is the millions digit of 6198994?
6
What is the thousands digit of 2006599?
6
What is the hundred thousands digit of 7952036?
9
What is the hundreds digit of 375695?
6
What is the units digit of 18752985?
5
What is the units digit of 404479?
9
What is the tens digit of 145522?
2
What is the units digit of 517401?
1
What is the thousands digit of 388957?
8
What is the units digit of 8969595?
5
What is the hundreds digit of 763019?
0
What is the ten thousands digit of 1245525?
4
What is the tens digit of 2725735?
3
What is the tens digit of 4307432?
3
What is the tens digit of 3790038?
3
What is the units digit of 318274?
4
What is the ten thousands digit of 3954504?
5
What is the hundreds digit of 41546?
5
What is the hundred thousands digit of 175193?
1
What is the units digit of 198501?
1
What is the units digit of 4517?
7
What is the tens digit of 757837?
3
What is the hundreds digit of 2736912?
9
What is the units digit of 80351?
1
What is the hundreds digit of 340037?
0
What is the ten thousands digit of 455866?
5
What is the units digit of 4313485?
5
What is the ten thousands digit of 273618?
7
What is the thousands digit of 16369066?
9
What is the hundred thousands digit of 6112836?
1
What is the thousands digit of 404598?
4
What is the ten thousands digit of 4168314?
6
What is the hundred thousands digit of 548871?
5
What is the millions digit of 2380358?
2
What is the thousands digit of 163904?
3
What is the hundreds digit of 17324782?
7
What is the thousands digit of 1037358?
7
What is the hundred thousands digit of 1198757?
1
What is the hundred thousands digit of 230817?
2
What is the thousands digit of 572661?
2
What is the ten thousands digit of 21462?
2
What is the tens digit of 406897?
9
What is the units digit of 25157268?
8
What is the millions digit of 1141140?
1
What is the tens digit of 20662?
6
What is the units digit of 3592300?
0
What is the units digit of 11127027?
7
What is the tens digit of 1157925?
2
What is the hundreds digit of 130330?
3
What is the ten thousands digit of 5857294?
5
What is the ten thousands digit of 333691?
3
What is the thousands digit of 563353?
3
What is the ten thousands digit of 145230?
4
What is the hundred thousands digit of 4774422?
7
What is the hundred thousands digit of 11109594?
1
What is the thousands digit of 51697?
1
What is the hundred thousands digit of 704149?
7
What is the tens digit of 1611521?
2
What is the thousands digit of 663357?
3
What is the hundred thousands digit of 599659?
5
What is the units digit of 294651?
1
What is the hundred thousands digit of 3466507?
4
What is the ten thousands digit of 9218890?
1
What is the thousands digit of 4492676?
2
What is the hundred thousands digit of 457102?
4
What is the hundreds digit of 5465726?
7
What is the thousands digit of 1617628?
7
What is the units digit of 67564?
4
What is the hundred thousands digit of 1431127?
4
What is the hundred thousands digit of 209597?
2
What is the thousands digit of 114420?
4
What is the thousands digit of 338659?
8
What is the units digit of 17590098?
8
What is the ten thousands digit of 425761?
2
What is the thousands digit of 736907?
6
What is the millions digit of 5375014?
5
What is the hundred thousands digit of 1519532?
5
What is the millions digit of 8402885?
8
What is the units digit of 412721?
1
What is the thousands digit of 5161690?
1
What is the hundreds digit of 4993837?
8
What is the ten thousands digit of 2680742?
8
What is the thousands digit of 4731583?
1
What is the units digit of 275628?
8
What is the millions digit of 1257199?
1
What is the units digit of 27646045?
5
What is the thousands digit of 1339784?
9
What is the millions digit of 7620835?
7
What is the tens digit of 2428676?
7
What is the units digit of 493994?
4
What is the tens digit of 255572?
7
What is the tens digit of 140203?
0
What is the hundreds digit of 136572?
5
Wha